{"id":79,"date":"2026-02-01T20:52:46","date_gmt":"2026-02-02T01:52:46","guid":{"rendered":"https:\/\/www.nicaraguaexplorando.com\/?page_id=79"},"modified":"2026-02-01T20:54:21","modified_gmt":"2026-02-02T01:54:21","slug":"ameliorez-votre-espagnol","status":"publish","type":"page","link":"https:\/\/www.nicaraguaexplorando.com\/index.php\/ameliorez-votre-espagnol\/","title":{"rendered":"Am\u00e9liorez votre espagnol"},"content":{"rendered":"\n<p>Texte \u00e0 compl\u00e9ter<\/p>\n","protected":false},"excerpt":{"rendered":"<p>Texte \u00e0 compl\u00e9ter<\/p>\n","protected":false},"author":2,"featured_media":0,"parent":0,"menu_order":0,"comment_status":"closed","ping_status":"closed","template":"","meta":{"slim_seo":{"title":"Am\u00e9liorez votre espagnol - NICARAGUA EXPLORANDO","description":"Texte \u00e0 compl\u00e9ter"},"footnotes":""},"class_list":["post-79","page","type-page","status-publish","hentry"],"_links":{"self":[{"href":"https:\/\/www.nicaraguaexplorando.com\/index.php\/wp-json\/wp\/v2\/pages\/79","targetHints":{"allow":["GET"]}}],"collection":[{"href":"https:\/\/www.nicaraguaexplorando.com\/index.php\/wp-json\/wp\/v2\/pages"}],"about":[{"href":"https:\/\/www.nicaraguaexplorando.com\/index.php\/wp-json\/wp\/v2\/types\/page"}],"author":[{"embeddable":true,"href":"https:\/\/www.nicaraguaexplorando.com\/index.php\/wp-json\/wp\/v2\/users\/2"}],"replies":[{"embeddable":true,"href":"https:\/\/www.nicaraguaexplorando.com\/index.php\/wp-json\/wp\/v2\/comments?post=79"}],"version-history":[{"count":2,"href":"https:\/\/www.nicaraguaexplorando.com\/index.php\/wp-json\/wp\/v2\/pages\/79\/revisions"}],"predecessor-version":[{"id":82,"href":"https:\/\/www.nicaraguaexplorando.com\/index.php\/wp-json\/wp\/v2\/pages\/79\/revisions\/82"}],"wp:attachment":[{"href":"https:\/\/www.nicaraguaexplorando.com\/index.php\/wp-json\/wp\/v2\/media?parent=79"}],"curies":[{"name":"wp","href":"https:\/\/api.w.org\/{rel}","templated":true}]}}